{"id":6542,"date":"2023-10-09T07:05:20","date_gmt":"2023-10-09T07:05:20","guid":{"rendered":"https:\/\/lacouronne-solothurn.ch\/?page_id=6542"},"modified":"2023-10-09T07:12:50","modified_gmt":"2023-10-09T07:12:50","slug":"acces","status":"publish","type":"page","link":"https:\/\/lacouronne-solothurn.ch\/fr\/acces\/","title":{"rendered":"Acc\u00e8s"},"content":{"rendered":"","protected":false},"excerpt":{"rendered":"","protected":false},"author":4,"featured_media":0,"parent":0,"menu_order":5,"comment_status":"closed","ping_status":"closed","template":"views\/template-contact.blade.php","meta":{"_acf_changed":false,"inline_featured_image":false},"class_list":["post-6542","page","type-page","status-publish","hentry"],"acf":{"seo":{"active":true,"title":"","text":"","image":false,"keywords":""},"map":{"address":"La Couronne Hotel Restaurant Solothurn, Hauptgasse, Solothurn, Schweiz","lat":47.20799000000000233967512031085789203643798828125,"lng":7.53847999999999984765963745303452014923095703125,"zoom":16,"place_id":"ChIJ3Q6-DfnXkUcRcMzprL-GyiU","name":"La Couronne Hotel Restaurant Solothurn","street_number":"64","street_name":"Hauptgasse","city":"Solothurn","state":"Solothurn","state_short":"SO","post_code":"4500","country":"Schweiz","country_short":"CH"},"contact_entry":{"lead":"<h3>La Couronne est situ\u00e9 au c\u0153ur de Soleure, juste \u00e0 c\u00f4t\u00e9 de la cath\u00e9drale Saint-Ours.<\/h3>\n<p><strong>Arriv\u00e9e avec les transports publics<\/strong><br \/>\nDepuis la gare de Soleure, l&#8217;h\u00f4tel est accessible en moins de 10 minutes \u00e0 pied par le pont Kreuzacker. Planifiez votre voyage en train <a href=\"https:\/\/www.sbb.ch\/fr\/home.html\" target=\"_blank\" rel=\"noopener\">cff.ch<\/a><\/p>\n<p><strong>Arriv\u00e9e en voiture<\/strong><br \/>\nLa vieille ville de Soleure est interdite aux voitures. Vous trouverez des places de stationnement dans le parking voisin Baseltor : Pisoniplatz, Soleure (entr\u00e9e du GPS : Pisoniplatz 2, coordonn\u00e9es : 47.208872\u00b0N, 7.540070\u00b0E). La carte journali\u00e8re \u00e0 18 CHF peut \u00eatre achet\u00e9e \u00e0 tout moment avec le ticket d&#8217;entr\u00e9e \u00e0 l&#8217;une des caisses automatiques.<\/p>\n<p>L&#8217;h\u00f4tel dispose de son propre garage d&#8217;h\u00f4tel, y compris deux places de parking avec une station de recharge pour les voitures \u00e9lectriques. Si vous souhaitez une place dans le garage de l&#8217;h\u00f4tel, une r\u00e9servation pr\u00e9alable est n\u00e9cessaire par e-mail info@lacouronne-solothurn.ch ou par t\u00e9l\u00e9phone au +41 32 625 10 10.<\/p>\n","text-sections":false},"elements":false,"contact_elements":{"elements":false}},"yoast_head":"<!-- This site is optimized with the Yoast SEO Premium plugin v26.7 (Yoast SEO v26.7) - https:\/\/yoast.com\/wordpress\/plugins\/seo\/ -->\n<title>Acc\u00e8s - La Couronne<\/title>\n<meta name=\"robots\" content=\"index, follow, max-snippet:-1, max-image-preview:large, max-video-preview:-1\" \/>\n<link rel=\"canonical\" href=\"https:\/\/lacouronne-solothurn.ch\/fr\/acces\/\" \/>\n<meta property=\"og:locale\" content=\"fr_FR\" \/>\n<meta property=\"og:type\" content=\"article\" \/>\n<meta property=\"og:title\" content=\"Acc\u00e8s\" \/>\n<meta property=\"og:url\" content=\"https:\/\/lacouronne-solothurn.ch\/fr\/acces\/\" \/>\n<meta property=\"og:site_name\" content=\"La Couronne\" \/>\n<meta property=\"article:modified_time\" content=\"2023-10-09T07:12:50+00:00\" \/>\n<meta name=\"twitter:card\" content=\"summary_large_image\" \/>\n<script type=\"application\/ld+json\" class=\"yoast-schema-graph\">{\"@context\":\"https:\/\/schema.org\",\"@graph\":[{\"@type\":\"WebPage\",\"@id\":\"https:\/\/lacouronne-solothurn.ch\/fr\/acces\/\",\"url\":\"https:\/\/lacouronne-solothurn.ch\/fr\/acces\/\",\"name\":\"Acc\u00e8s - La Couronne\",\"isPartOf\":{\"@id\":\"https:\/\/lacouronne-solothurn.ch\/#website\"},\"datePublished\":\"2023-10-09T07:05:20+00:00\",\"dateModified\":\"2023-10-09T07:12:50+00:00\",\"breadcrumb\":{\"@id\":\"https:\/\/lacouronne-solothurn.ch\/fr\/acces\/#breadcrumb\"},\"inLanguage\":\"fr-FR\",\"potentialAction\":[{\"@type\":\"ReadAction\",\"target\":[\"https:\/\/lacouronne-solothurn.ch\/fr\/acces\/\"]}]},{\"@type\":\"BreadcrumbList\",\"@id\":\"https:\/\/lacouronne-solothurn.ch\/fr\/acces\/#breadcrumb\",\"itemListElement\":[{\"@type\":\"ListItem\",\"position\":1,\"name\":\"Home\",\"item\":\"https:\/\/lacouronne-solothurn.ch\/fr\/home\/\"},{\"@type\":\"ListItem\",\"position\":2,\"name\":\"Acc\u00e8s\"}]},{\"@type\":\"WebSite\",\"@id\":\"https:\/\/lacouronne-solothurn.ch\/#website\",\"url\":\"https:\/\/lacouronne-solothurn.ch\/\",\"name\":\"La Couronne\",\"description\":\"Historisches Hotel in Solothurn\",\"publisher\":{\"@id\":\"https:\/\/lacouronne-solothurn.ch\/#organization\"},\"potentialAction\":[{\"@type\":\"SearchAction\",\"target\":{\"@type\":\"EntryPoint\",\"urlTemplate\":\"https:\/\/lacouronne-solothurn.ch\/?s={search_term_string}\"},\"query-input\":{\"@type\":\"PropertyValueSpecification\",\"valueRequired\":true,\"valueName\":\"search_term_string\"}}],\"inLanguage\":\"fr-FR\"},{\"@type\":\"Organization\",\"@id\":\"https:\/\/lacouronne-solothurn.ch\/#organization\",\"name\":\"La Couronne\",\"url\":\"https:\/\/lacouronne-solothurn.ch\/\",\"logo\":{\"@type\":\"ImageObject\",\"inLanguage\":\"fr-FR\",\"@id\":\"https:\/\/lacouronne-solothurn.ch\/#\/schema\/logo\/image\/\",\"url\":\"https:\/\/lacouronne-solothurn.ch\/app\/uploads\/2021\/06\/logo-lacouronne-positive.svg\",\"contentUrl\":\"https:\/\/lacouronne-solothurn.ch\/app\/uploads\/2021\/06\/logo-lacouronne-positive.svg\",\"width\":238,\"height\":90,\"caption\":\"La Couronne\"},\"image\":{\"@id\":\"https:\/\/lacouronne-solothurn.ch\/#\/schema\/logo\/image\/\"}}]}<\/script>\n<!-- \/ Yoast SEO Premium plugin. -->","yoast_head_json":{"title":"Acc\u00e8s - La Couronne","robots":{"index":"index","follow":"follow","max-snippet":"max-snippet:-1","max-image-preview":"max-image-preview:large","max-video-preview":"max-video-preview:-1"},"canonical":"https:\/\/lacouronne-solothurn.ch\/fr\/acces\/","og_locale":"fr_FR","og_type":"article","og_title":"Acc\u00e8s","og_url":"https:\/\/lacouronne-solothurn.ch\/fr\/acces\/","og_site_name":"La Couronne","article_modified_time":"2023-10-09T07:12:50+00:00","twitter_card":"summary_large_image","schema":{"@context":"https:\/\/schema.org","@graph":[{"@type":"WebPage","@id":"https:\/\/lacouronne-solothurn.ch\/fr\/acces\/","url":"https:\/\/lacouronne-solothurn.ch\/fr\/acces\/","name":"Acc\u00e8s - La Couronne","isPartOf":{"@id":"https:\/\/lacouronne-solothurn.ch\/#website"},"datePublished":"2023-10-09T07:05:20+00:00","dateModified":"2023-10-09T07:12:50+00:00","breadcrumb":{"@id":"https:\/\/lacouronne-solothurn.ch\/fr\/acces\/#breadcrumb"},"inLanguage":"fr-FR","potentialAction":[{"@type":"ReadAction","target":["https:\/\/lacouronne-solothurn.ch\/fr\/acces\/"]}]},{"@type":"BreadcrumbList","@id":"https:\/\/lacouronne-solothurn.ch\/fr\/acces\/#breadcrumb","itemListElement":[{"@type":"ListItem","position":1,"name":"Home","item":"https:\/\/lacouronne-solothurn.ch\/fr\/home\/"},{"@type":"ListItem","position":2,"name":"Acc\u00e8s"}]},{"@type":"WebSite","@id":"https:\/\/lacouronne-solothurn.ch\/#website","url":"https:\/\/lacouronne-solothurn.ch\/","name":"La Couronne","description":"Historisches Hotel in Solothurn","publisher":{"@id":"https:\/\/lacouronne-solothurn.ch\/#organization"},"potentialAction":[{"@type":"SearchAction","target":{"@type":"EntryPoint","urlTemplate":"https:\/\/lacouronne-solothurn.ch\/?s={search_term_string}"},"query-input":{"@type":"PropertyValueSpecification","valueRequired":true,"valueName":"search_term_string"}}],"inLanguage":"fr-FR"},{"@type":"Organization","@id":"https:\/\/lacouronne-solothurn.ch\/#organization","name":"La Couronne","url":"https:\/\/lacouronne-solothurn.ch\/","logo":{"@type":"ImageObject","inLanguage":"fr-FR","@id":"https:\/\/lacouronne-solothurn.ch\/#\/schema\/logo\/image\/","url":"https:\/\/lacouronne-solothurn.ch\/app\/uploads\/2021\/06\/logo-lacouronne-positive.svg","contentUrl":"https:\/\/lacouronne-solothurn.ch\/app\/uploads\/2021\/06\/logo-lacouronne-positive.svg","width":238,"height":90,"caption":"La Couronne"},"image":{"@id":"https:\/\/lacouronne-solothurn.ch\/#\/schema\/logo\/image\/"}}]}},"_links":{"self":[{"href":"https:\/\/lacouronne-solothurn.ch\/fr\/wp-json\/wp\/v2\/pages\/6542","targetHints":{"allow":["GET"]}}],"collection":[{"href":"https:\/\/lacouronne-solothurn.ch\/fr\/wp-json\/wp\/v2\/pages"}],"about":[{"href":"https:\/\/lacouronne-solothurn.ch\/fr\/wp-json\/wp\/v2\/types\/page"}],"author":[{"embeddable":true,"href":"https:\/\/lacouronne-solothurn.ch\/fr\/wp-json\/wp\/v2\/users\/4"}],"replies":[{"embeddable":true,"href":"https:\/\/lacouronne-solothurn.ch\/fr\/wp-json\/wp\/v2\/comments?post=6542"}],"version-history":[{"count":4,"href":"https:\/\/lacouronne-solothurn.ch\/fr\/wp-json\/wp\/v2\/pages\/6542\/revisions"}],"predecessor-version":[{"id":6551,"href":"https:\/\/lacouronne-solothurn.ch\/fr\/wp-json\/wp\/v2\/pages\/6542\/revisions\/6551"}],"wp:attachment":[{"href":"https:\/\/lacouronne-solothurn.ch\/fr\/wp-json\/wp\/v2\/media?parent=6542"}],"curies":[{"name":"wp","href":"https:\/\/api.w.org\/{rel}","templated":true}]}}

Accès

<h3>La Couronne est situé au cœur de Soleure, juste à côté de la cathédrale Saint-Ours.</h3>
<p><strong>Arrivée avec les transports publics</strong><br />
Depuis la gare de Soleure, l&#8217;hôtel est accessible en moins de 10 minutes à pied par le pont Kreuzacker. Planifiez votre voyage en train <a href="https://www.sbb.ch/fr/home.html" target="_blank" rel="noopener">cff.ch</a></p>
<p><strong>Arrivée en voiture</strong><br />
La vieille ville de Soleure est interdite aux voitures. Vous trouverez des places de stationnement dans le parking voisin Baseltor : Pisoniplatz, Soleure (entrée du GPS : Pisoniplatz 2, coordonnées : 47.208872°N, 7.540070°E). La carte journalière à 18 CHF peut être achetée à tout moment avec le ticket d&#8217;entrée à l&#8217;une des caisses automatiques.</p>
<p>L&#8217;hôtel dispose de son propre garage d&#8217;hôtel, y compris deux places de parking avec une station de recharge pour les voitures électriques. Si vous souhaitez une place dans le garage de l&#8217;hôtel, une réservation préalable est nécessaire par e-mail info@lacouronne-solothurn.ch ou par téléphone au +41 32 625 10 10.</p>

<!-- This site is optimized with the Yoast SEO Premium plugin v26.7 (Yoast SEO v26.7) - https://yoast.com/wordpress/plugins/seo/ -->
<title>Accès - La Couronne</title>
<meta name="robots" content="index, follow, max-snippet:-1, max-image-preview:large, max-video-preview:-1" />
<link rel="canonical" href="https://lacouronne-solothurn.ch/fr/acces/" />
<meta property="og:locale" content="fr_FR" />
<meta property="og:type" content="article" />
<meta property="og:title" content="Accès" />
<meta property="og:url" content="https://lacouronne-solothurn.ch/fr/acces/" />
<meta property="og:site_name" content="La Couronne" />
<meta property="article:modified_time" content="2023-10-09T07:12:50+00:00" />
<meta name="twitter:card" content="summary_large_image" />
<script type="application/ld+json" class="yoast-schema-graph">{"@context":"https://schema.org","@graph":[{"@type":"WebPage","@id":"https://lacouronne-solothurn.ch/fr/acces/","url":"https://lacouronne-solothurn.ch/fr/acces/","name":"Accès - La Couronne","isPartOf":{"@id":"https://lacouronne-solothurn.ch/#website"},"datePublished":"2023-10-09T07:05:20+00:00","dateModified":"2023-10-09T07:12:50+00:00","breadcrumb":{"@id":"https://lacouronne-solothurn.ch/fr/acces/#breadcrumb"},"inLanguage":"fr-FR","potentialAction":[{"@type":"ReadAction","target":["https://lacouronne-solothurn.ch/fr/acces/"]}]},{"@type":"BreadcrumbList","@id":"https://lacouronne-solothurn.ch/fr/acces/#breadcrumb","itemListElement":[{"@type":"ListItem","position":1,"name":"Home","item":"https://lacouronne-solothurn.ch/fr/home/"},{"@type":"ListItem","position":2,"name":"Accès"}]},{"@type":"WebSite","@id":"https://lacouronne-solothurn.ch/#website","url":"https://lacouronne-solothurn.ch/","name":"La Couronne","description":"Historisches Hotel in Solothurn","publisher":{"@id":"https://lacouronne-solothurn.ch/#organization"},"potentialAction":[{"@type":"SearchAction","target":{"@type":"EntryPoint","urlTemplate":"https://lacouronne-solothurn.ch/?s={search_term_string}"},"query-input":{"@type":"PropertyValueSpecification","valueRequired":true,"valueName":"search_term_string"}}],"inLanguage":"fr-FR"},{"@type":"Organization","@id":"https://lacouronne-solothurn.ch/#organization","name":"La Couronne","url":"https://lacouronne-solothurn.ch/","logo":{"@type":"ImageObject","inLanguage":"fr-FR","@id":"https://lacouronne-solothurn.ch/#/schema/logo/image/","url":"https://lacouronne-solothurn.ch/app/uploads/2021/06/logo-lacouronne-positive.svg","contentUrl":"https://lacouronne-solothurn.ch/app/uploads/2021/06/logo-lacouronne-positive.svg","width":238,"height":90,"caption":"La Couronne"},"image":{"@id":"https://lacouronne-solothurn.ch/#/schema/logo/image/"}}]}</script>
<!-- / Yoast SEO Premium plugin. -->

Accès - La Couronne
